et p(v) = 12*v**2 - 4*v - 4. What are the prime factors of p(-2)?
2, 13
Let m(i) = 3*i**2 - 2*i - 4*i**2 + i**3 + 1 + 5*i**2. Suppose -7 = 2*t - u, 5*t + 4*u + 13 = -11. List the prime factors of m(t).
3
Suppose 3*z = 4*z. List the prime factors of -4 + 15 + (z - -1).
2, 3
Let w(o) be the third derivative of o**5/60 + o**4/24 - o**3/2 + 3*o**2. What are the prime factors of w(-4)?
3
Let m = 78 - 48. What are the prime factors of m?
2, 3, 5
Suppose 0 = 2*d + 32 + 12. Let i = -12 - d. What are the prime factors of ((-14)/i)/((-9)/45)?
7
Let j = 30 + -9. Suppose -5*z - 1 = -j. Let s(n) = 3*n + 3. List the prime factors of s(z).
3, 5
Suppose -9 = -3*l + t + 2*t, -2*l + 6 = -t. Suppose -4*b - l = 5. List the prime factors of 2 + (-2)/b - -10.
13
Suppose 0 = 3*d - i + 8 - 18, -i = -d + 6. Suppose 5*v + 0*o = 4*o + 122, 0 = -3*v - d*o + 82. List the prime factors of (-4)/v + (-394)/(-26).
3, 5
Suppose 0 = -6*d + 4*d + 8. Suppose -d*w - w = -145. What are the prime factors of w?
29
Let q be (-2)/(-9) + (-260)/36. Let o = q - -27. List the prime factors of o.
2, 5
Let k(j) = j + 4. Let l = 52 + -23. Suppose 0*g = -4*f + g + 32, -5*g = f - l. List the prime factors of k(f).
13
Let f(y) = -y**2 + 2*y. Let q be f(2). Suppose 5*l - 3*m - 1 = q, 0 = 3*l + 2*m - 3*m - 3. Suppose -l*i - 4 = -3*i. What are the prime factors of i?
2
Let y = -15 - -21. List the prime factors of 40/y*30/25.
2
Let k(a) = -a**3 + 4*a**2 + 5*a + 7. Let r be k(5). Let u = 24 + -11. Let z = u - r. List the prime factors of z.
2, 3
Let q(a) = a**3 + 11*a**2 + 8*a + 10. List the prime factors of q(-5).
2, 3, 5
List the prime factors of (2/3)/2*39.
13
Let j(s) = -8*s - 1. Let g be j(3). Let m = g + 39. List the prime factors of m.
2, 7
Let j(p) = -p**2 + 21*p + 20. What are the prime factors of j(11)?
2, 5, 13
Suppose -5*i - 20 = 0, 2*q - 6*q + 2*i = 172. List the prime factors of ((-36)/q)/(2/15).
2, 3
Suppose -3*p + 19 = -197. Let m = p + -24. What are the prime factors of m?
2, 3
Let o(h) = -h**2 + 7. Let t be ((-3)/(-2))/((-9)/(-12)). Suppose -t*x = x. List the prime factors of o(x).
7
Suppose 323 + 75 = 5*z - 4*u, z - 5*u = 67. What are the prime factors of z?
2, 41
Suppose -t + 8 = t + 2*q, -5*q = 0. Let z(x) = -t + 3 + 5*x - 7*x. List the prime factors of z(-2).
3
Suppose 3*b = -5 - 4. Let v = 1 - b. Suppose 5*t - 3*k = -3 + 1, t = -v*k + 18. What are the prime factors of t?
2
Let j = -70 - -72. List the prime factors of j.
2
Suppose -r + 1 = -4. Let n(c) = 5*c + 1. Let t be n(r). Suppose v - 17 = 2*w, 3*v - t = -3*w - 11. List the prime factors of v.
3
Let h(r) = r**3 + 2*r**2 - r - 17. List the prime factors of h(5).
3, 17
Suppose 9*b - 4*b - 10 = 0. Suppose 2*a - b*t - 58 = 0, 2*a - 5*t - 76 + 3 = 0. What are the prime factors of a?
2, 3
Suppose 19*j + 36 = 20*j. List the prime factors of j.
2, 3
What are the prime factors of (35/(-10))/((-2)/24)?
2, 3, 7
Let h = 4 + -6. Let l be (-7)/3*(h - -14). List the prime factors of (l/(-10))/(5/25).
2, 7
Let t = -1 + 25. Suppose 3*c - t = c - 4*i, 2*i = -2*c + 24. What are the prime factors of c?
2, 3
Let j(g) = 2*g**2 + g + 3*g - 2*g + 1. Let t = 5 + -3. List the prime factors of j(t).
13
Let l = -90 + 112. Let k = 0 - 0. Let g = k + l. List the prime factors of g.
2, 11
Let d be 1*(5 - (-12)/(-4)). Suppose -4*o = -d*o - 22. List the prime factors of o.
11
Let p(l) = 7*l - 7. Let v be p(5). Let a be (-48)/v - (-2)/(-7). What are the prime factors of (-1)/((1/a)/1)?
2
Let a(i) = 12*i - 2. Let x be a(-1). Let u(d) = -2*d + 3. What are the prime factors of u(x)?
31
Let m = 12 - -12. Suppose -5*s - 4*x + 2 = 41, 5*s + 2*x = -47. Let d = m + s. List the prime factors of d.
13
Suppose -4*n + 15 + 5 = 0. Suppose -p = -30 - n. Suppose p = -u + 6*u. List the prime factors of u.
7
Let p = -315 - -511. What are the prime factors of p?
2, 7
Let u(k) = -3*k - 1. Let y(v) = 7*v + 4. Let p(r) = -6*r - 3. Let l(z) = 3*p(z) + 2*y(z). Let m(x) = 5*l(x) - 7*u(x). What are the prime factors of m(8)?
2, 5
Let a(c) = c**3 + 6*c**2 - 2*c - 9. Let o be a(-6). Suppose 0*p = o*x + 4*p - 43, 4*p + 20 = 0. What are the prime factors of x?
3, 7
Let l be 0*(3 + -6)/6. Suppose -3*h + 5*a - 4 = 0, 5*h - 5*a = -l*h + 10. What are the prime factors of h?
7
Suppose 4*c = -3*p + 99, -5*c + 111 + 9 = 5*p. Let n = c - -6. What are the prime factors of n?
3, 11
Let v(t) = -t**3 - 8*t**2 - 6*t + 8. Let b be v(-7). Let m be (3/(-2))/(b/(-2)). Suppose m*a - 4*a = -r, -12 = -3*a - 3*r. List the prime factors of a.
2
Suppose 7*h = 1243 + 3. List the prime factors of h.
2, 89
Suppose -3*j - 4*x + 94 = -0*j, j + 3*x = 33. Suppose 6*n - n = j. Suppose n*i = i + 20. List the prime factors of i.
2
Let j(r) = -20*r + 16. List the prime factors of j(-6).
2, 17
Let w = 43 + -14. What are the prime factors of w?
29
Suppose 2*w = -4*w + 1242. What are the prime factors of w?
3, 23
Let n = 13 - 6. What are the prime factors of (n/(-2))/7*-8?
2
Let i be (-22 + -4)/((-2)/4). Let j = -37 + i. What are the prime factors of j?
3, 5
Suppose -5*k = 6*k - 605. What are the prime factors of k?
5, 11
What are the prime factors of 169 - (-1 + 3 + -4)?
3, 19
Suppose -3 = -k - 1. Let y(m) = 3*m + 1. Let j be y(k). Suppose x + j = 2*x. What are the prime factors of x?
7
Let o(q) = -q**3 - q**2 - q + 5. List the prime factors of o(0).
5
Let m be 2/(-3) - (-33)/9. Suppose 3*s - 5*g + 0*g - 15 = 0, -4*s - m*g = 9. Suppose s = 2*d + l + 4*l - 41, 4*l = 3*d - 4. What are the prime factors of d?
2
Let p(z) = -z**3 + 8*z**2 - 7*z - 2. Let a be p(6). Suppose -45 = -4*y + 5*c, a = 6*y - 3*y + 2*c. List the prime factors of y.
2, 5
Let k = -5 - -7. Suppose -k*q - 7 = -89. What are the prime factors of q?
41
Let k(f) = -f**2 + 6*f + 6. Let m be k(6). Suppose -4*g = -j - 41, -j - j = -m. What are the prime factors of g?
11
Suppose 4*b - 4*n = 316, -2*b - 5*n + 152 = -n. What are the prime factors of b?
2, 3, 13
Suppose 5*x - 2*v + 148 = 0, -4*x + 0*v = -v + 116. Let k(i) = i**2 - 8. Let p be k(7). Let a = p + x. List the prime factors of a.
13
Let z = 2 + 0. Suppose 4*a = -5*m + 12, -m - 9 = -3*a + z*m. What are the prime factors of 30*a/6*1?
3, 5
Let f = -10 - -101. List the prime factors of f.
7, 13
Suppose s + 3*g + 44 = 2*s, 4*s - 4*g - 168 = 0. Suppose 3*h + 2 = s. What are the prime factors of h?
13
Let u = 99 + 18. List the prime factors of u.
3, 13
List the prime factors of (-1)/((-2)/58) - -4.
3, 11
Suppose -3*c + 0 = -96. Suppose -1 = i - c. What are the prime factors of i?
31
Let z(c) = -13 - 6 - 5*c + 4 - 2. What are the prime factors of z(-9)?
2, 7
Let y = 52 - 27. List the prime factors of y.
5
Suppose 23 + 3 = 2*a. List the prime factors of a.
13
Let y = -1 - -69. What are the prime factors of y?
2, 17
Let j be (-28 + 3)*(-4)/10. What are the prime factors of j*((-30)/(-4))/5?
3, 5
Let a be 2 + 9/(-6)*2. Let q(p) be the third derivative of -p**6/12 - p**4/24 - p**3/6 - p**2. What are the prime factors of q(a)?
2, 5
Suppose 5*g + 3*k - 30 = 0, 15 = -2*k - k. Suppose -u - g = -4*u. Suppose a - 5*r - 32 = -0*r, -a - u = 2*r. List the prime factors of a.
7
Let d(v) = -3*v - 10. Let g(u) = -8*u**2 - u - 1. Let h be g(-1). Let b be d(h). Let j = -8 + b. List the prime factors of j.
2, 3
Suppose -y + 2 = 0, -3*y = 2*j + j - 408. What are the prime factors of j?
2, 67
Let n(l) be the second derivative of l**3/3 + l**2/2 + l. List the prime factors of n(4).
3
Suppose -24 = -8*c + 4*c. Let m(q) be the third derivative of q**5/60 - 5*q**4/24 + 2*q**2. List the prime factors of m(c).
2, 3
Let x = -60 - -166. What are the prime factors of x?
2, 53
Suppose -9*p + 2*p + 532 = 0. List the prime factors of p.
2, 19
Let k = -5 - -8. Suppose -4*i - o + k = -2*i, -5*i + 40 = -4*o. List the prime factors of i.
2
Let r be 213/(-4) - (-1)/4. Suppose 0*k + 5*k = 3*v + 8, -5*k = 3*v - 32. What are the prime factors of 3/k - r/4?
2, 7
Suppose 0 = 2*a - 10 + 2. Suppose 2 + 6 = a*j. List the prime factors of j.
2
Suppose n - 6 = 6. Let x = n + 11. List the prime factors of x.
23
List the prime factors of 688/2 + 2 + 2.
2, 3, 29
Let m(a) = -a + 2. Let g be m(-2). Suppose -2*p = -2, 2*b - g*p = 3*b - 7. What are the prime factors of b?
3
Let s be (-4)/(-6)*(-12)/8. List the prime factors of 18 - ((-2)/s)/(-2).
19
Suppose 6*a